359193130?
3
What is the hundred thousands digit of 407765210?
7
What is the ten millions digit of 30727723?
3
What is the ten millions digit of 336862393?
3
What is the units digit of 2062299441?
1
What is the tens digit of 2174450951?
5
What is the tens digit of 2874702?
0
What is the hundred millions digit of 133947291?
1
What is the units digit of 198896715?
5
What is the hundreds digit of 1954002965?
9
What is the ten thousands digit of 148855806?
5
What is the millions digit of 4062560627?
2
What is the ten thousands digit of 4908987945?
8
What is the tens digit of 58214303?
0
What is the millions digit of 506503820?
6
What is the thousands digit of 9078677?
8
What is the ten millions digit of 1201913304?
0
What is the hundreds digit of 444771155?
1
What is the ten millions digit of 1129537840?
2
What is the ten thousands digit of 717175300?
7
What is the hundred millions digit of 4668166703?
6
What is the tens digit of 83322145?
4
What is the thousands digit of 16157744?
7
What is the hundreds digit of 509233831?
8
What is the thousands digit of 38395014?
5
What is the tens digit of 29361230?
3
What is the hundreds digit of 1916056865?
8
What is the billions digit of 1842585621?
1
What is the hundreds digit of 7774982931?
9
What is the ten millions digit of 40719116?
4
What is the units digit of 4963861?
1
What is the thousands digit of 1134695621?
5
What is the ten thousands digit of 282970382?
7
What is the billions digit of 4682278630?
4
What is the thousands digit of 756228619?
8
What is the hundreds digit of 952243435?
4
What is the hundred millions digit of 1308478862?
3
What is the hundreds digit of 260865011?
0
What is the millions digit of 508190008?
8
What is the ten thousands digit of 147055549?
5
What is the millions digit of 566444897?
6
What is the hundred thousands digit of 7323324797?
3
What is the hundreds digit of 42760788?
7
What is the hundred thousands digit of 658149932?
1
What is the hundred thousands digit of 46181357?
1
What is the hundreds digit of 1271460692?
6
What is the tens digit of 5133787291?
9
What is the thousands digit of 199890571?
0
What is the units digit of 1805996091?
1
What is the thousands digit of 5276871?
6
What is the hundreds digit of 13827181?
1
What is the hundred thousands digit of 401723042?
7
What is the ten millions digit of 83017532?
8
What is the tens digit of 113767326?
2
What is the hundred millions digit of 266833829?
2
What is the hundred thousands digit of 2673151291?
1
What is the millions digit of 333032479?
3
What is the millions digit of 1950016077?
0
What is the thousands digit of 90143359?
3
What is the thousands digit of 421218202?
8
What is the ten millions digit of 61687514?
6
What is the tens digit of 26510903?
0
What is the tens digit of 21008121?
2
What is the hundred millions digit of 390296448?
3
What is the tens digit of 36863925?
2
What is the units digit of 5444271?
1
What is the hundreds digit of 5476436256?
2
What is the ten millions digit of 873304461?
7
What is the ten thousands digit of 99666828?
6
What is the units digit of 2340032706?
6
What is the hundreds digit of 410083898?
8
What is the ten thousands digit of 53806581?
0
What is the ten thousands digit of 24635765?
3
What is the hundred thousands digit of 62591493?
5
What is the hundred thousands digit of 434154432?
1
What is the tens digit of 1740900514?
1
What is the thousands digit of 497103491?
3
What is the millions digit of 439063032?
9
What is the hundreds digit of 1161321145?
1
What is the ten thousands digit of 1054749550?
4
What is the hundred millions digit of 575804046?
5
What is the hundred thousands digit of 1566728250?
7
What is the millions digit of 1535366614?
5
What is the millions digit of 3307065654?
7
What is the tens digit of 94967791?
9
What is the ten thousands digit of 4098041?
9
What is the thousands digit of 38344734?
4
What is the units digit of 6162499322?
2
What is the thousands digit of 1097217467?
7
What is the thousands digit of 540573026?
3
What is the hundred thousands digit of 2161959?
1
What is the tens digit of 215806611?
1
What is the units digit of 103559931?
1
What is the hundred thousands digit of 4572613072?
6
What is the tens digit of 39059905?
0
What is the ten millions digit of 301236812?
0
What is the ten thousands digit of 786385582?
8
What is the thousands digit of 41019146?
9
What is the millions digit of 1948506227?
8
What is the ten thousands digit of 547559434?
5
What is the ten millions digit of 350124880?
5
What is the hundreds digit of 3306201153?
1
What is the hundred millions digit of 188958089?
1
What is the ten thousands digit of 208550191?
5
What is the hundreds digit of 63359636?
6
What is the billions digit of 1751893972?
1
What is the ten millions digit of 570861447?
7
What is the ten thousands digit of 345903023?
0
What is the units digit of 53110345?
5
What is the thousands digit of 36294896?
4
What is the hundreds digit of 42265664?
6
What is the hundred thousands digit of 1261938272?
9
What is the units digit of 567655775?
5
What is the tens digit of 1701134?
3
What is the hundreds digit of 4865155699?
6
What is the units digit of 10390444?
4
What is the hundred millions digit of 4420438434?
4
What is the units digit of 519331572?
2
What is the tens digit of 12027412?
1
What is the tens digit of 451348667?
6
What is the thousands digit of 35989310?
9
What is the billions digit of 1261371128?
1
What is the millions digit of 1162344949?
2
What is the hundred thousands digit of 212543506?
5
What is the tens digit of 775634190?
9
What is the thousands digit of 122262272?
2
What is the hundreds digit of 103938173?
1
What is the millions digit of 662807368?
2
What is the hundred millions digit of 501706694?
5
What is the hundred thousands digit of 493767038?
7
What is the thousands digit of 212097287?
7
What is the hundred millions digit of 575150635?
5
What is the thousands digit of 164136653?
6
What is the tens digit of 6890243?
4
What is the thousands digit of 1560969649?
9
What is the hundred millions digit of 1106396766?
1
What is the millions digit of 4073249?
4
What is the hundred millions digit of 200939208?
2
What is the units digit of 559590690?
0
What is the hundreds digit of 1076584108?
1
What is the ten millions digit of 5532129656?
3
What is the hundreds digit of 64153036?
0
What is the hundreds digit of 449977522?
5
What is the hundred thousands digit of 41889954?
8
What is the hundred thousands digit of 6603576248?
5
What is the units digit of 47665925?
5
What is the hundred millions digit of 343601527?
3
What is the tens digit of 59934780?
8
What is the thousands digit of 130068191?
8
What is the units digit of 105121677?
7
What is the millions digit of 59262847?
9
What is the ten millions digit of 5225914002?
2
What is the hundred thousands digit of 4073044358?
0
What is the ten thousands digit of 10184672?
8
What is the units digit of 893863621?
1
What is the tens digit of 55011723?
2
What is the ten millions digit of 304992170?
0
What is the millions digit of 346872001?
6
What is the millions digit of 1886065898?
6
What is the ten millions digit of 5240865042?
4
What is the hundred millions digit of 302875379?
3
What is the thousands digit of 57604267?
4
What is the hundred millions digit of 161577391?
1
What is the ten thousands digit of 673694839?
9
What is the hundred millions digit of 900785439?
9
What is the tens digit of 324630695?
9
What is the units digit of 30931987?
7
What is the millions digit of 706487286?
6
What is the ten thousands digit of 1333075304?
7
What is the thousands digit of 21622056?
2
What is the hundred millions digit of 1287049252?
2
What is the ten millions digit of 61094865?
6
What is the thousands digit of 3232620103?
0
What is the thousands digit of 286038075?
8
What is the ten millions digit of 1107355791?
0
What is the ten thousands digit of 644990630?
9
What is the ten millions digit of 327944230?
2
What is the hundreds digit of 61488615?
6
What is the hundreds digit of 37717578?
5
What is the tens digit of 2416421047?
4
What is the tens digit of 21919298?
9
What is the tens digit of 112366879?
7
What is the thousands digit of 311188457?
8
What is the tens digit of 580843308?
0
Wh